 a factor of 298?
False
Is 289 even?
False
Does 10 divide 296?
False
Is 13 a factor of 726?
False
Is 2580 a multiple of 20?
True
Does 38 divide 608?
True
Is 1974 a multiple of 7?
True
Does 12 divide 43763?
False
Is 14 a factor of 1372?
True
Is 21 a factor of 126?
True
Does 36 divide 6804?
True
Is 200 a multiple of 25?
True
Is 16 a factor of 9760?
True
Does 26 divide 187?
False
Does 9 divide 1269?
True
Is 28 a factor of 54012?
True
Is 51 a factor of 8868?
False
Is 30561 a multiple of 21?
False
Does 8 divide 288?
True
Is 4 a factor of 13682?
False
Does 11 divide 273?
False
Is 6 even?
True
Is 195 a factor of 49920?
True
Does 25 divide 599?
False
Does 9 divide 7434?
True
Does 103 divide 2875?
False
Does 13 divide 3202?
False
Does 13 divide 338?
True
Does 7 divide 35596?
False
Does 56 divide 149?
False
Does 10 divide 260?
True
Is 183 a factor of 14240?
False
Is 106 a factor of 21610?
False
Is 13 a factor of 403?
True
Is 20 a factor of 4040?
True
Is 12 a factor of 216?
True
Is 47 a factor of 10542?
False
Is 31 a factor of 91562?
False
Is 2819 a multiple of 16?
False
Is 9 a factor of 22428?
True
Is 51 a factor of 7191?
True
Does 23 divide 43713?
False
Is 19 a factor of 133?
True
Is 3 a factor of 10033?
False
Does 26 divide 2902?
False
Does 16 divide 3920?
True
Is 56 a factor of 448?
True
Does 23 divide 207?
True
Is 2172 a multiple of 55?
False
Is 3 a factor of 255?
True
Is 6 a factor of 6?
True
Is 37 a factor of 15864?
False
Does 6 divide 48?
True
Does 89 divide 28569?
True
Is 22 a factor of 7502?
True
Is 590 a multiple of 59?
True
Is 8 a factor of 7442?
False
Is 1418 a multiple of 2?
True
Does 20 divide 1920?
True
Is 96 a multiple of 4?
True
Is 2 a factor of 37?
False
Is 31360 a multiple of 121?
False
Is 13 a factor of 624?
True
Is 117 a multiple of 9?
True
Is 12 a factor of 5654?
False
Is 50 a factor of 2138?
False
Is 13 a factor of 616?
False
Is 52 a factor of 4472?
True
Does 51 divide 3065?
False
Does 18 divide 651?
False
Does 28 divide 1565?
False
Does 8 divide 1968?
True
Is 23382 a multiple of 54?
True
Is 3726 a multiple of 54?
True
Is 12 a factor of 1878?
False
Is 21 a factor of 1148?
False
Is 22 a factor of 2514?
False
Is 4 a factor of 4892?
True
Is 21115 a multiple of 103?
True
Is 78 a factor of 17316?
True
Does 15 divide 6420?
True
Is 2 a factor of 3316?
True
Is 39 a factor of 2106?
True
Does 19 divide 31141?
True
Is 141 a factor of 2672?
False
Does 23 divide 3680?
True
Is 2936 a multiple of 4?
True
Is 79 a factor of 1239?
False
Is 50 a factor of 3350?
True
Does 18 divide 2878?
False
Does 5 divide 424?
False
Is 30 a multiple of 6?
True
Is 429 a multiple of 3?
True
Is 4624 a multiple of 7?
False
Does 6 divide 416?
False
Is 7 a factor of 210?
True
Is 50 a factor of 13133?
False
Does 10 divide 730?
True
Is 63 a factor of 20851?
False
Is 109 a factor of 25615?
True
Is 64 a factor of 896?
True
Does 13 divide 48773?
False
Does 5 divide 1236?
False
Is 10856 a multiple of 92?
True
Is 38 a factor of 1013?
False
Is 14 a factor of 7000?
True
Does 23 divide 9540?
False
Does 252 divide 3276?
True
Is 11 a factor of 781?
True
Is 15965 a multiple of 103?
True
Is 94 a factor of 6514?
False
Is 27 a factor of 14657?
False
Is 99 a factor of 4059?
True
Is 381 even?
False
Is 162 a multiple of 3?
True
Is 4343 a multiple of 101?
True
Is 17 a factor of 5120?
False
Is 609 a multiple of 7?
True
Does 11 divide 55?
True
Is 231 a factor of 29799?
True
Is 63 a factor of 14868?
True
Is 8 a factor of 12?
False
Is 38 a factor of 1677?
False
Does 13 divide 221?
True
Is 645 a multiple of 8?
False
Is 267 a multiple of 6?
False
Is 73 a factor of 19434?
False
Does 7 divide 161?
True
Does 62 divide 496?
True
Is 13 a factor of 273?
True
Does 10 divide 10830?
True
Is 8 a factor of 1681?
False
Does 14 divide 98?
True
Is 217 a factor of 54872?
False
Does 9 divide 1584?
True
Does 7 divide 305?
False
Is 61 a factor of 842?
False
Is 27334 a multiple of 158?
True
Is 10185 a multiple of 21?
True
Does 91 divide 990?
False
Is 56793 a multiple of 220?
False
Does 12 divide 87924?
True
Does 67 divide 2409?
False
Is 25 a factor of 3975?
True
Does 44 divide 49324?
True
Does 9 divide 109863?
True
Is 27 a factor of 2844?
False
Is 212 a factor of 70618?
False
Does 16 divide 3628?
False
Does 76 divide 1570?
False
Is 16 a factor of 84800?
True
Does 9 divide 13422?
False
Is 776 a multiple of 7?
False
Does 3 divide 1463?
False
Does 269 divide 36315?
True
Is 73 a factor of 1825?
True
Is 30 even?
True
Is 130 a factor of 4835?
False
Does 105 divide 525?
True
Does 21 divide 43633?
False
Is 4 a factor of 2150?
False
Does 78 divide 4524?
True
Is 653 a multiple of 8?
False
Does 14 divide 537?
False
Is 17936 a multiple of 19?
True
Is 226 a factor of 19888?
True
Does 17 divide 22134?
True
Does 57 divide 1710?
True
Is 23 a factor of 3710?
False
Does 9 divide 540?
True
Is 6 a factor of 752?
False
Does 81 divide 243?
True
Is 9 a factor of 1277?
False
Is 26386 a multiple of 19?
False
Is 12 a factor of 5160?
True
Is 42 a multiple of 14?
True
Is 20 a factor of 595?
False
Does 10 divide 4658?
False
Is 54 a factor of 24408?
True
Does 65 divide 17940?
True
Is 143 even?
False
Is 21 a factor of 25169?
False
Does 6 divide 30597?
False
Is 270 a multiple of 43?
False
Does 6 divide 11352?
True
Does 43 divide 98?
False
Is 7788 a multiple of 76?
False
Is 34756 a multiple of 10?
False
Is 30 a factor of 30750?
True
Is 7682 a multiple of 46?
True
Is 39424 a multiple of 256?
True
Does 5 divide 464?
False
Is 48 a factor of 2976?
True
Is 11785 a multiple of 4?
False
Does 28 divide 3892?
True
Is 108 a factor of 1296?
True
Does 7 divide 6489?
True
Does 5 divide 3345?
True
Is 22 a factor of 46943?
False
Is 2600 a multiple of 182?
False
Is 1968 a multiple of 18?
False
Does 26 divide 1224?
False
Does 10 divide 1870?
True
Does 107 divide 5243?
True
Does 10 divide 21560?
True
Is 36 a factor of 3286?
False
Is 72 a factor of 1296?
True
Does 56 divide 913?
False
Is 22 a factor of 4488?
True
Is 783 a multiple of 29?
True
Does 15 divide 132473?
False
Is 29 a factor of 1248?
False
Is 29905 a multiple of 21?
False
Is 238 a multiple of 82?
False
Does 10 divide 900?
True
Is 11 a factor of 187?
True
Is 5 a factor of 495?
True
Does 23 divide 6008?
False
Is 725 a multiple of 25?
True
Is 5712 a multiple of 24?
True
Does 43 divide 1204?
True
Is 120 a multiple of 20?
True
Does 37 divide 2150?
False
Is 178 a factor of 7120?
True
Is 1080 a multiple of 4?
True
Is 47817 a multiple of 33?
True
Is 11 a factor of 11?
True
Does 15 divide 60?
True
Is 76 a factor of 66120?
True
Is 2320 a multiple of 20?
True
Is 568 a multiple of 2?
True
Is 2145 a multiple of 13?
True
Does 48 divide 225?
False
Is 12 a factor of 1188?
True
Is 11 a factor of 1781?
False
Is 4 a factor of 1436?
True
Does 96 divide 3552?
True
Is 70 a factor of 107?
False
Is 2196 a multiple of 12?
True
Does 23 divide 49046?
False
Is 22230 a multiple of 130?
True
Is 29472 a multiple of 12?
True
Is 38288 a multiple of 166?
False
Is 11 a factor of 3619?
True
Is 595 a multiple of 17?
True
Does 16 divide 1489?
False
Is 56 a multiple of 51?
False
Does 86 divide 6303?
False
Is 27740 a multiple of 22?
False
Is 71024 a multiple of 183?
False
Is 20 a factor of 3449?
False
Is 91 a factor of 1001?
True
Is 128 a multiple of 32?
True
Is 9686 a multiple of 29?
True
Does 145 divide 145?
True
Is 11 a factor of 117?
False
Does 56 divide 3675?
False
Is 13616 a multiple of 56?
False
Is 737 a multiple of 103?
False
Is 994 a multiple of 13?
False
Does 5 divide 1553?
False
Does 25 divide 1938?
False
Is 3539 a multiple of 61?
False
Is 38 a factor of 13566?
True
Is 23 a factor of 158079?
True
Does 8 divide 15030?
False
Is 554 a multiple of 4?
False
Does 11 divide 129767?
True
Is 19278 a multiple of 18?
True
Is 14 a factor of 1590?
False
Is 48 a factor of 5664?
True
Does 13 divide 5583?
False
Is 35 a factor of 12405?
False
Does 20 divide 19360?
True
Is 62 a factor of 19604?
False
Is 584 a multiple of 8?
True
Is 31 a factor of 2356?
True
Is 22 a factor of 1380?
False
Is 56358 a multiple of 186?
True
Does 35 divide 1190?
True
Is 21 a factor of 277?
False
Does 110 divide 2296?
False
Is 74 a factor of 15614?
True
Does 11 divide 26045?
False
Is 2089 a multiple of 25?
False
Does 8 divide 6156?
False
Is 20 a factor of 3601?
False
Is